{"id":1019,"date":"2019-08-14T12:26:53","date_gmt":"2019-08-14T10:26:53","guid":{"rendered":"https:\/\/digital.mittelhessen.eu\/?post_type=unternehmen&#038;p=1019"},"modified":"2022-12-21T07:48:33","modified_gmt":"2022-12-21T06:48:33","slug":"medialis-net","status":"publish","type":"unternehmen","link":"https:\/\/digital.mittelhessen.eu\/index.php\/unternehmen\/medialis-net\/","title":{"rendered":"medialis.net"},"content":{"rendered":"\n<p><strong>one medialis &#8211; seit 1995 werbeAgentur in Gie\u00dfen &#8211; jetzt neu erfunden!<\/strong><\/p>\r\n<p>Als logische Konsequenz der Digitalisierung und der damit einhergehenden grundlegend ver\u00e4nderten Kommunikation, haben sich zu Beginn des Jahres 2020 die Unternehmen der ProPort-Gruppe unter der Marke one medialis zu einer neuen Art Werbeagentur zusammengeschlossen, als Partner f\u00fcr die Digitalisierung der gesamten Kommunikation. Vorrangig unterst\u00fctzen wir Kunden aus dem Mittelstand und Konzerne mittels einer holistischen Marketing-Methodik in den drei Bereichen Marketing, Sales und Produktion. Somit verbinden wir als neue Werbeagentur folgende Leistungen:<\/p>\r\n<ul>\r\n<li>Marken- und Sales-Strategie<\/li>\r\n<li>Marketing &amp; CRM \/ Marketing-Automation<\/li>\r\n<li>Websites, Shops, Digitale Plattformen<\/li>\r\n<li>Sales-Promotion<\/li>\r\n<li>On-demand Druckproduktion und Logistik<\/li>\r\n<\/ul>\r\n<p><br \/>Damit sind wir f\u00fcr viele weltweit agierende Konzerne wie auch den Mittelstand in Hessen, Gie\u00dfen und Umgebung Werbeagentur und zugleich Wegbegleiter f\u00fcr die Kommunikation der Zukunft. Werden auch Sie zum Vorreiter der Digitalisierung und nutzen Sie das umfassende Leistungsspektrum der one medialis, Ihrer Werbeagentur aus Gie\u00dfen!<\/p>\n\n\n\n<p><strong>medialis.net GmbH<\/strong><br>Leihgesterner Weg 37<br>35392 Gie\u00dfen<\/p>\n","protected":false},"excerpt":{"rendered":"<p>one medialis &#8211; seit 1995 werbeAgentur in Gie\u00dfen &#8211; jetzt neu erfunden! Als logische Konsequenz der Digitalisierung und der damit einhergehenden grundlegend ver\u00e4nderten Kommunikation, haben sich zu Beginn des Jahres 2020 die Unternehmen der ProPort-Gruppe unter der Marke one medialis zu einer neuen Art Werbeagentur zusammengeschlossen, als Partner f\u00fcr die Digitalisierung der gesamten Kommunikation. Vorrangig [&hellip;]<\/p>\n","protected":false},"featured_media":1727,"template":"","class_list":["post-1019","unternehmen","type-unternehmen","status-publish","has-post-thumbnail","hentry"],"acf":[],"yoast_head":"<!-- This site is optimized with the Yoast SEO plugin v26.0 - https:\/\/yoast.com\/wordpress\/plugins\/seo\/ -->\n<title>medialis.net - digital.mittelhessen<\/title>\n<meta name=\"robots\" content=\"index, follow, max-snippet:-1, max-image-preview:large, max-video-preview:-1\" \/>\n<link rel=\"canonical\" href=\"https:\/\/digital.mittelhessen.eu\/index.php\/unternehmen\/medialis-net\/\" \/>\n<meta property=\"og:locale\" content=\"de_DE\" \/>\n<meta property=\"og:type\" content=\"article\" \/>\n<meta property=\"og:title\" content=\"medialis.net - digital.mittelhessen\" \/>\n<meta property=\"og:description\" content=\"one medialis &#8211; seit 1995 werbeAgentur in Gie\u00dfen &#8211; jetzt neu erfunden! Als logische Konsequenz der Digitalisierung und der damit einhergehenden grundlegend ver\u00e4nderten Kommunikation, haben sich zu Beginn des Jahres 2020 die Unternehmen der ProPort-Gruppe unter der Marke one medialis zu einer neuen Art Werbeagentur zusammengeschlossen, als Partner f\u00fcr die Digitalisierung der gesamten Kommunikation. Vorrangig [&hellip;]\" \/>\n<meta property=\"og:url\" content=\"https:\/\/digital.mittelhessen.eu\/index.php\/unternehmen\/medialis-net\/\" \/>\n<meta property=\"og:site_name\" content=\"digital.mittelhessen\" \/>\n<meta property=\"article:modified_time\" content=\"2022-12-21T06:48:33+00:00\" \/>\n<meta property=\"og:image\" content=\"https:\/\/digital.mittelhessen.eu\/wp-content\/uploads\/2019\/08\/6aPcJp-m_400x400.jpg\" \/>\n\t<meta property=\"og:image:width\" content=\"400\" \/>\n\t<meta property=\"og:image:height\" content=\"400\" \/>\n\t<meta property=\"og:image:type\" content=\"image\/jpeg\" \/>\n<meta name=\"twitter:card\" content=\"summary_large_image\" \/>\n<meta name=\"twitter:label1\" content=\"Gesch\u00e4tzte Lesezeit\" \/>\n\t<meta name=\"twitter:data1\" content=\"1\u00a0Minute\" \/>\n<script type=\"application\/ld+json\" class=\"yoast-schema-graph\">{\"@context\":\"https:\/\/schema.org\",\"@graph\":[{\"@type\":\"WebPage\",\"@id\":\"https:\/\/digital.mittelhessen.eu\/index.php\/unternehmen\/medialis-net\/\",\"url\":\"https:\/\/digital.mittelhessen.eu\/index.php\/unternehmen\/medialis-net\/\",\"name\":\"medialis.net - digital.mittelhessen\",\"isPartOf\":{\"@id\":\"https:\/\/digital.mittelhessen.eu\/#website\"},\"primaryImageOfPage\":{\"@id\":\"https:\/\/digital.mittelhessen.eu\/index.php\/unternehmen\/medialis-net\/#primaryimage\"},\"image\":{\"@id\":\"https:\/\/digital.mittelhessen.eu\/index.php\/unternehmen\/medialis-net\/#primaryimage\"},\"thumbnailUrl\":\"https:\/\/digital.mittelhessen.eu\/wp-content\/uploads\/2019\/08\/6aPcJp-m_400x400.jpg\",\"datePublished\":\"2019-08-14T10:26:53+00:00\",\"dateModified\":\"2022-12-21T06:48:33+00:00\",\"breadcrumb\":{\"@id\":\"https:\/\/digital.mittelhessen.eu\/index.php\/unternehmen\/medialis-net\/#breadcrumb\"},\"inLanguage\":\"de\",\"potentialAction\":[{\"@type\":\"ReadAction\",\"target\":[\"https:\/\/digital.mittelhessen.eu\/index.php\/unternehmen\/medialis-net\/\"]}]},{\"@type\":\"ImageObject\",\"inLanguage\":\"de\",\"@id\":\"https:\/\/digital.mittelhessen.eu\/index.php\/unternehmen\/medialis-net\/#primaryimage\",\"url\":\"https:\/\/digital.mittelhessen.eu\/wp-content\/uploads\/2019\/08\/6aPcJp-m_400x400.jpg\",\"contentUrl\":\"https:\/\/digital.mittelhessen.eu\/wp-content\/uploads\/2019\/08\/6aPcJp-m_400x400.jpg\",\"width\":400,\"height\":400},{\"@type\":\"BreadcrumbList\",\"@id\":\"https:\/\/digital.mittelhessen.eu\/index.php\/unternehmen\/medialis-net\/#breadcrumb\",\"itemListElement\":[{\"@type\":\"ListItem\",\"position\":1,\"name\":\"Home\",\"item\":\"https:\/\/digital.mittelhessen.eu\/\"},{\"@type\":\"ListItem\",\"position\":2,\"name\":\"medialis.net\"}]},{\"@type\":\"WebSite\",\"@id\":\"https:\/\/digital.mittelhessen.eu\/#website\",\"url\":\"https:\/\/digital.mittelhessen.eu\/\",\"name\":\"digital.mittelhessen\",\"description\":\"\",\"publisher\":{\"@id\":\"https:\/\/digital.mittelhessen.eu\/#organization\"},\"potentialAction\":[{\"@type\":\"SearchAction\",\"target\":{\"@type\":\"EntryPoint\",\"urlTemplate\":\"https:\/\/digital.mittelhessen.eu\/?s={search_term_string}\"},\"query-input\":{\"@type\":\"PropertyValueSpecification\",\"valueRequired\":true,\"valueName\":\"search_term_string\"}}],\"inLanguage\":\"de\"},{\"@type\":\"Organization\",\"@id\":\"https:\/\/digital.mittelhessen.eu\/#organization\",\"name\":\"digital.mittelhessen\",\"url\":\"https:\/\/digital.mittelhessen.eu\/\",\"logo\":{\"@type\":\"ImageObject\",\"inLanguage\":\"de\",\"@id\":\"https:\/\/digital.mittelhessen.eu\/#\/schema\/logo\/image\/\",\"url\":\"https:\/\/digital.mittelhessen.eu\/wp-content\/uploads\/2022\/10\/mittelhessen_digital_logo_2c_weiss_1024px.png\",\"contentUrl\":\"https:\/\/digital.mittelhessen.eu\/wp-content\/uploads\/2022\/10\/mittelhessen_digital_logo_2c_weiss_1024px.png\",\"width\":1024,\"height\":476,\"caption\":\"digital.mittelhessen\"},\"image\":{\"@id\":\"https:\/\/digital.mittelhessen.eu\/#\/schema\/logo\/image\/\"}}]}<\/script>\n<!-- \/ Yoast SEO plugin. -->","yoast_head_json":{"title":"medialis.net - digital.mittelhessen","robots":{"index":"index","follow":"follow","max-snippet":"max-snippet:-1","max-image-preview":"max-image-preview:large","max-video-preview":"max-video-preview:-1"},"canonical":"https:\/\/digital.mittelhessen.eu\/index.php\/unternehmen\/medialis-net\/","og_locale":"de_DE","og_type":"article","og_title":"medialis.net - digital.mittelhessen","og_description":"one medialis &#8211; seit 1995 werbeAgentur in Gie\u00dfen &#8211; jetzt neu erfunden! Als logische Konsequenz der Digitalisierung und der damit einhergehenden grundlegend ver\u00e4nderten Kommunikation, haben sich zu Beginn des Jahres 2020 die Unternehmen der ProPort-Gruppe unter der Marke one medialis zu einer neuen Art Werbeagentur zusammengeschlossen, als Partner f\u00fcr die Digitalisierung der gesamten Kommunikation. Vorrangig [&hellip;]","og_url":"https:\/\/digital.mittelhessen.eu\/index.php\/unternehmen\/medialis-net\/","og_site_name":"digital.mittelhessen","article_modified_time":"2022-12-21T06:48:33+00:00","og_image":[{"width":400,"height":400,"url":"https:\/\/digital.mittelhessen.eu\/wp-content\/uploads\/2019\/08\/6aPcJp-m_400x400.jpg","type":"image\/jpeg"}],"twitter_card":"summary_large_image","twitter_misc":{"Gesch\u00e4tzte Lesezeit":"1\u00a0Minute"},"schema":{"@context":"https:\/\/schema.org","@graph":[{"@type":"WebPage","@id":"https:\/\/digital.mittelhessen.eu\/index.php\/unternehmen\/medialis-net\/","url":"https:\/\/digital.mittelhessen.eu\/index.php\/unternehmen\/medialis-net\/","name":"medialis.net - digital.mittelhessen","isPartOf":{"@id":"https:\/\/digital.mittelhessen.eu\/#website"},"primaryImageOfPage":{"@id":"https:\/\/digital.mittelhessen.eu\/index.php\/unternehmen\/medialis-net\/#primaryimage"},"image":{"@id":"https:\/\/digital.mittelhessen.eu\/index.php\/unternehmen\/medialis-net\/#primaryimage"},"thumbnailUrl":"https:\/\/digital.mittelhessen.eu\/wp-content\/uploads\/2019\/08\/6aPcJp-m_400x400.jpg","datePublished":"2019-08-14T10:26:53+00:00","dateModified":"2022-12-21T06:48:33+00:00","breadcrumb":{"@id":"https:\/\/digital.mittelhessen.eu\/index.php\/unternehmen\/medialis-net\/#breadcrumb"},"inLanguage":"de","potentialAction":[{"@type":"ReadAction","target":["https:\/\/digital.mittelhessen.eu\/index.php\/unternehmen\/medialis-net\/"]}]},{"@type":"ImageObject","inLanguage":"de","@id":"https:\/\/digital.mittelhessen.eu\/index.php\/unternehmen\/medialis-net\/#primaryimage","url":"https:\/\/digital.mittelhessen.eu\/wp-content\/uploads\/2019\/08\/6aPcJp-m_400x400.jpg","contentUrl":"https:\/\/digital.mittelhessen.eu\/wp-content\/uploads\/2019\/08\/6aPcJp-m_400x400.jpg","width":400,"height":400},{"@type":"BreadcrumbList","@id":"https:\/\/digital.mittelhessen.eu\/index.php\/unternehmen\/medialis-net\/#breadcrumb","itemListElement":[{"@type":"ListItem","position":1,"name":"Home","item":"https:\/\/digital.mittelhessen.eu\/"},{"@type":"ListItem","position":2,"name":"medialis.net"}]},{"@type":"WebSite","@id":"https:\/\/digital.mittelhessen.eu\/#website","url":"https:\/\/digital.mittelhessen.eu\/","name":"digital.mittelhessen","description":"","publisher":{"@id":"https:\/\/digital.mittelhessen.eu\/#organization"},"potentialAction":[{"@type":"SearchAction","target":{"@type":"EntryPoint","urlTemplate":"https:\/\/digital.mittelhessen.eu\/?s={search_term_string}"},"query-input":{"@type":"PropertyValueSpecification","valueRequired":true,"valueName":"search_term_string"}}],"inLanguage":"de"},{"@type":"Organization","@id":"https:\/\/digital.mittelhessen.eu\/#organization","name":"digital.mittelhessen","url":"https:\/\/digital.mittelhessen.eu\/","logo":{"@type":"ImageObject","inLanguage":"de","@id":"https:\/\/digital.mittelhessen.eu\/#\/schema\/logo\/image\/","url":"https:\/\/digital.mittelhessen.eu\/wp-content\/uploads\/2022\/10\/mittelhessen_digital_logo_2c_weiss_1024px.png","contentUrl":"https:\/\/digital.mittelhessen.eu\/wp-content\/uploads\/2022\/10\/mittelhessen_digital_logo_2c_weiss_1024px.png","width":1024,"height":476,"caption":"digital.mittelhessen"},"image":{"@id":"https:\/\/digital.mittelhessen.eu\/#\/schema\/logo\/image\/"}}]}},"_links":{"self":[{"href":"https:\/\/digital.mittelhessen.eu\/index.php\/wp-json\/wp\/v2\/unternehmen\/1019","targetHints":{"allow":["GET"]}}],"collection":[{"href":"https:\/\/digital.mittelhessen.eu\/index.php\/wp-json\/wp\/v2\/unternehmen"}],"about":[{"href":"https:\/\/digital.mittelhessen.eu\/index.php\/wp-json\/wp\/v2\/types\/unternehmen"}],"wp:featuredmedia":[{"embeddable":true,"href":"https:\/\/digital.mittelhessen.eu\/index.php\/wp-json\/wp\/v2\/media\/1727"}],"wp:attachment":[{"href":"https:\/\/digital.mittelhessen.eu\/index.php\/wp-json\/wp\/v2\/media?parent=1019"}],"curies":[{"name":"wp","href":"https:\/\/api.w.org\/{rel}","templated":true}]}}

<p><strong>one medialis &#8211; seit 1995 werbeAgentur in Gießen &#8211; jetzt neu erfunden!</strong></p>
<p>Als logische Konsequenz der Digitalisierung und der damit einhergehenden grundlegend veränderten Kommunikation, haben sich zu Beginn des Jahres 2020 die Unternehmen der ProPort-Gruppe unter der Marke one medialis zu einer neuen Art Werbeagentur zusammengeschlossen, als Partner für die Digitalisierung der gesamten Kommunikation. Vorrangig unterstützen wir Kunden aus dem Mittelstand und Konzerne mittels einer holistischen Marketing-Methodik in den drei Bereichen Marketing, Sales und Produktion. Somit verbinden wir als neue Werbeagentur folgende Leistungen:</p>
<ul>
<li>Marken- und Sales-Strategie</li>
<li>Marketing &amp; CRM / Marketing-Automation</li>
<li>Websites, Shops, Digitale Plattformen</li>
<li>Sales-Promotion</li>
<li>On-demand Druckproduktion und Logistik</li>
</ul>
<p><br />Damit sind wir für viele weltweit agierende Konzerne wie auch den Mittelstand in Hessen, Gießen und Umgebung Werbeagentur und zugleich Wegbegleiter für die Kommunikation der Zukunft. Werden auch Sie zum Vorreiter der Digitalisierung und nutzen Sie das umfassende Leistungsspektrum der one medialis, Ihrer Werbeagentur aus Gießen!</p>



<p><strong>medialis.net GmbH</strong><br>Leihgesterner Weg 37<br>35392 Gießen</p>

<p>one medialis &#8211; seit 1995 werbeAgentur in Gießen &#8211; jetzt neu erfunden! Als logische Konsequenz der Digitalisierung und der damit einhergehenden grundlegend veränderten Kommunikation, haben sich zu Beginn des Jahres 2020 die Unternehmen der ProPort-Gruppe unter der Marke one medialis zu einer neuen Art Werbeagentur zusammengeschlossen, als Partner für die Digitalisierung der gesamten Kommunikation. Vorrangig [&hellip;]</p>

<!-- This site is optimized with the Yoast SEO plugin v26.0 - https://yoast.com/wordpress/plugins/seo/ -->
<title>medialis.net - digital.mittelhessen</title>
<meta name="robots" content="index, follow, max-snippet:-1, max-image-preview:large, max-video-preview:-1" />
<link rel="canonical" href="https://digital.mittelhessen.eu/index.php/unternehmen/medialis-net/" />
<meta property="og:locale" content="de_DE" />
<meta property="og:type" content="article" />
<meta property="og:title" content="medialis.net - digital.mittelhessen" />
<meta property="og:description" content="one medialis &#8211; seit 1995 werbeAgentur in Gießen &#8211; jetzt neu erfunden! Als logische Konsequenz der Digitalisierung und der damit einhergehenden grundlegend veränderten Kommunikation, haben sich zu Beginn des Jahres 2020 die Unternehmen der ProPort-Gruppe unter der Marke one medialis zu einer neuen Art Werbeagentur zusammengeschlossen, als Partner für die Digitalisierung der gesamten Kommunikation. Vorrangig [&hellip;]" />
<meta property="og:url" content="https://digital.mittelhessen.eu/index.php/unternehmen/medialis-net/" />
<meta property="og:site_name" content="digital.mittelhessen" />
<meta property="article:modified_time" content="2022-12-21T06:48:33+00:00" />
<meta property="og:image" content="https://digital.mittelhessen.eu/wp-content/uploads/2019/08/6aPcJp-m_400x400.jpg" />
	<meta property="og:image:width" content="400" />
	<meta property="og:image:height" content="400" />
	<meta property="og:image:type" content="image/jpeg" />
<meta name="twitter:card" content="summary_large_image" />
<meta name="twitter:label1" content="Geschätzte Lesezeit" />
	<meta name="twitter:data1" content="1 Minute" />
<script type="application/ld+json" class="yoast-schema-graph">{"@context":"https://schema.org","@graph":[{"@type":"WebPage","@id":"https://digital.mittelhessen.eu/index.php/unternehmen/medialis-net/","url":"https://digital.mittelhessen.eu/index.php/unternehmen/medialis-net/","name":"medialis.net - digital.mittelhessen","isPartOf":{"@id":"https://digital.mittelhessen.eu/#website"},"primaryImageOfPage":{"@id":"https://digital.mittelhessen.eu/index.php/unternehmen/medialis-net/#primaryimage"},"image":{"@id":"https://digital.mittelhessen.eu/index.php/unternehmen/medialis-net/#primaryimage"},"thumbnailUrl":"https://digital.mittelhessen.eu/wp-content/uploads/2019/08/6aPcJp-m_400x400.jpg","datePublished":"2019-08-14T10:26:53+00:00","dateModified":"2022-12-21T06:48:33+00:00","breadcrumb":{"@id":"https://digital.mittelhessen.eu/index.php/unternehmen/medialis-net/#breadcrumb"},"inLanguage":"de","potentialAction":[{"@type":"ReadAction","target":["https://digital.mittelhessen.eu/index.php/unternehmen/medialis-net/"]}]},{"@type":"ImageObject","inLanguage":"de","@id":"https://digital.mittelhessen.eu/index.php/unternehmen/medialis-net/#primaryimage","url":"https://digital.mittelhessen.eu/wp-content/uploads/2019/08/6aPcJp-m_400x400.jpg","contentUrl":"https://digital.mittelhessen.eu/wp-content/uploads/2019/08/6aPcJp-m_400x400.jpg","width":400,"height":400},{"@type":"BreadcrumbList","@id":"https://digital.mittelhessen.eu/index.php/unternehmen/medialis-net/#breadcrumb","itemListElement":[{"@type":"ListItem","position":1,"name":"Home","item":"https://digital.mittelhessen.eu/"},{"@type":"ListItem","position":2,"name":"medialis.net"}]},{"@type":"WebSite","@id":"https://digital.mittelhessen.eu/#website","url":"https://digital.mittelhessen.eu/","name":"digital.mittelhessen","description":"","publisher":{"@id":"https://digital.mittelhessen.eu/#organization"},"potentialAction":[{"@type":"SearchAction","target":{"@type":"EntryPoint","urlTemplate":"https://digital.mittelhessen.eu/?s={search_term_string}"},"query-input":{"@type":"PropertyValueSpecification","valueRequired":true,"valueName":"search_term_string"}}],"inLanguage":"de"},{"@type":"Organization","@id":"https://digital.mittelhessen.eu/#organization","name":"digital.mittelhessen","url":"https://digital.mittelhessen.eu/","logo":{"@type":"ImageObject","inLanguage":"de","@id":"https://digital.mittelhessen.eu/#/schema/logo/image/","url":"https://digital.mittelhessen.eu/wp-content/uploads/2022/10/mittelhessen_digital_logo_2c_weiss_1024px.png","contentUrl":"https://digital.mittelhessen.eu/wp-content/uploads/2022/10/mittelhessen_digital_logo_2c_weiss_1024px.png","width":1024,"height":476,"caption":"digital.mittelhessen"},"image":{"@id":"https://digital.mittelhessen.eu/#/schema/logo/image/"}}]}</script>
<!-- / Yoast SEO plugin. -->

one medialis &#8211; seit 1995 werbeAgentur in Gießen &#8211; jetzt neu erfunden! Als logische Konsequenz der Digitalisierung und der damit einhergehenden grundlegend veränderten Kommunikation, haben sich zu Beginn des Jahres 2020 die Unternehmen der ProPort-Gruppe unter der Marke one medialis zu einer neuen Art Werbeagentur zusammengeschlossen, als Partner für die Digitalisierung der gesamten Kommunikation. Vorrangig [&hellip;]
