{"id":2031,"date":"2019-12-09T12:30:47","date_gmt":"2019-12-09T11:30:47","guid":{"rendered":"https:\/\/digital.mittelhessen.eu\/?post_type=veranstaltungen&#038;p=2031"},"modified":"2022-10-12T14:36:13","modified_gmt":"2022-10-12T12:36:13","slug":"regionalmanagement-trifft-webmontag-giessen","status":"publish","type":"veranstaltungen","link":"https:\/\/digital.mittelhessen.eu\/index.php\/veranstaltungen\/regionalmanagement-trifft-webmontag-giessen\/","title":{"rendered":"Regionalmanagement trifft Webmontag Gie\u00dfen"},"content":{"rendered":"<p>Was kann sich der Mittelstand aus den Innovationen und Gesch\u00e4ftsmodellen der Startup-Welt zu eigen machen und wie k\u00f6nnen die Innovationen in eigene Produkte &amp; Dienstleistungen eingebracht werden?<\/p>\n","protected":false},"excerpt":{"rendered":"<p>Was kann sich der Mittelstand aus den Innovationen und Gesch\u00e4ftsmodellen der Startup-Welt zu eigen machen und wie k\u00f6nnen die Innovationen in eigene Produkte &#038; Dienstleistungen eingebracht werden? <\/p>\n","protected":false},"featured_media":0,"template":"","meta":{"_acf_changed":false},"upcoming":[],"class_list":["post-2031","veranstaltungen","type-veranstaltungen","status-publish","hentry"],"acf":[],"yoast_head":"<!-- This site is optimized with the Yoast SEO plugin v26.0 - https:\/\/yoast.com\/wordpress\/plugins\/seo\/ -->\n<title>Regionalmanagement trifft Webmontag Gie\u00dfen - digital.mittelhessen<\/title>\n<meta name=\"robots\" content=\"index, follow, max-snippet:-1, max-image-preview:large, max-video-preview:-1\" \/>\n<link rel=\"canonical\" href=\"https:\/\/digital.mittelhessen.eu\/index.php\/veranstaltungen\/regionalmanagement-trifft-webmontag-giessen\/\" \/>\n<meta property=\"og:locale\" content=\"de_DE\" \/>\n<meta property=\"og:type\" content=\"article\" \/>\n<meta property=\"og:title\" content=\"Regionalmanagement trifft Webmontag Gie\u00dfen - digital.mittelhessen\" \/>\n<meta property=\"og:description\" content=\"Was kann sich der Mittelstand aus den Innovationen und Gesch\u00e4ftsmodellen der Startup-Welt zu eigen machen und wie k\u00f6nnen die Innovationen in eigene Produkte &amp; Dienstleistungen eingebracht werden?\" \/>\n<meta property=\"og:url\" content=\"https:\/\/digital.mittelhessen.eu\/index.php\/veranstaltungen\/regionalmanagement-trifft-webmontag-giessen\/\" \/>\n<meta property=\"og:site_name\" content=\"digital.mittelhessen\" \/>\n<meta property=\"article:modified_time\" content=\"2022-10-12T12:36:13+00:00\" \/>\n<meta name=\"twitter:card\" content=\"summary_large_image\" \/>\n<meta name=\"twitter:label1\" content=\"Gesch\u00e4tzte Lesezeit\" \/>\n\t<meta name=\"twitter:data1\" content=\"1\u00a0Minute\" \/>\n<script type=\"application\/ld+json\" class=\"yoast-schema-graph\">{\"@context\":\"https:\/\/schema.org\",\"@graph\":[{\"@type\":\"WebPage\",\"@id\":\"https:\/\/digital.mittelhessen.eu\/index.php\/veranstaltungen\/regionalmanagement-trifft-webmontag-giessen\/\",\"url\":\"https:\/\/digital.mittelhessen.eu\/index.php\/veranstaltungen\/regionalmanagement-trifft-webmontag-giessen\/\",\"name\":\"Regionalmanagement trifft Webmontag Gie\u00dfen - digital.mittelhessen\",\"isPartOf\":{\"@id\":\"https:\/\/digital.mittelhessen.eu\/#website\"},\"datePublished\":\"2019-12-09T11:30:47+00:00\",\"dateModified\":\"2022-10-12T12:36:13+00:00\",\"breadcrumb\":{\"@id\":\"https:\/\/digital.mittelhessen.eu\/index.php\/veranstaltungen\/regionalmanagement-trifft-webmontag-giessen\/#breadcrumb\"},\"inLanguage\":\"de\",\"potentialAction\":[{\"@type\":\"ReadAction\",\"target\":[\"https:\/\/digital.mittelhessen.eu\/index.php\/veranstaltungen\/regionalmanagement-trifft-webmontag-giessen\/\"]}]},{\"@type\":\"BreadcrumbList\",\"@id\":\"https:\/\/digital.mittelhessen.eu\/index.php\/veranstaltungen\/regionalmanagement-trifft-webmontag-giessen\/#breadcrumb\",\"itemListElement\":[{\"@type\":\"ListItem\",\"position\":1,\"name\":\"Home\",\"item\":\"https:\/\/digital.mittelhessen.eu\/\"},{\"@type\":\"ListItem\",\"position\":2,\"name\":\"Regionalmanagement trifft Webmontag Gie\u00dfen\"}]},{\"@type\":\"WebSite\",\"@id\":\"https:\/\/digital.mittelhessen.eu\/#website\",\"url\":\"https:\/\/digital.mittelhessen.eu\/\",\"name\":\"digital.mittelhessen\",\"description\":\"\",\"publisher\":{\"@id\":\"https:\/\/digital.mittelhessen.eu\/#organization\"},\"potentialAction\":[{\"@type\":\"SearchAction\",\"target\":{\"@type\":\"EntryPoint\",\"urlTemplate\":\"https:\/\/digital.mittelhessen.eu\/?s={search_term_string}\"},\"query-input\":{\"@type\":\"PropertyValueSpecification\",\"valueRequired\":true,\"valueName\":\"search_term_string\"}}],\"inLanguage\":\"de\"},{\"@type\":\"Organization\",\"@id\":\"https:\/\/digital.mittelhessen.eu\/#organization\",\"name\":\"digital.mittelhessen\",\"url\":\"https:\/\/digital.mittelhessen.eu\/\",\"logo\":{\"@type\":\"ImageObject\",\"inLanguage\":\"de\",\"@id\":\"https:\/\/digital.mittelhessen.eu\/#\/schema\/logo\/image\/\",\"url\":\"https:\/\/digital.mittelhessen.eu\/wp-content\/uploads\/2022\/10\/mittelhessen_digital_logo_2c_weiss_1024px.png\",\"contentUrl\":\"https:\/\/digital.mittelhessen.eu\/wp-content\/uploads\/2022\/10\/mittelhessen_digital_logo_2c_weiss_1024px.png\",\"width\":1024,\"height\":476,\"caption\":\"digital.mittelhessen\"},\"image\":{\"@id\":\"https:\/\/digital.mittelhessen.eu\/#\/schema\/logo\/image\/\"}}]}<\/script>\n<!-- \/ Yoast SEO plugin. -->","yoast_head_json":{"title":"Regionalmanagement trifft Webmontag Gie\u00dfen - digital.mittelhessen","robots":{"index":"index","follow":"follow","max-snippet":"max-snippet:-1","max-image-preview":"max-image-preview:large","max-video-preview":"max-video-preview:-1"},"canonical":"https:\/\/digital.mittelhessen.eu\/index.php\/veranstaltungen\/regionalmanagement-trifft-webmontag-giessen\/","og_locale":"de_DE","og_type":"article","og_title":"Regionalmanagement trifft Webmontag Gie\u00dfen - digital.mittelhessen","og_description":"Was kann sich der Mittelstand aus den Innovationen und Gesch\u00e4ftsmodellen der Startup-Welt zu eigen machen und wie k\u00f6nnen die Innovationen in eigene Produkte & Dienstleistungen eingebracht werden?","og_url":"https:\/\/digital.mittelhessen.eu\/index.php\/veranstaltungen\/regionalmanagement-trifft-webmontag-giessen\/","og_site_name":"digital.mittelhessen","article_modified_time":"2022-10-12T12:36:13+00:00","twitter_card":"summary_large_image","twitter_misc":{"Gesch\u00e4tzte Lesezeit":"1\u00a0Minute"},"schema":{"@context":"https:\/\/schema.org","@graph":[{"@type":"WebPage","@id":"https:\/\/digital.mittelhessen.eu\/index.php\/veranstaltungen\/regionalmanagement-trifft-webmontag-giessen\/","url":"https:\/\/digital.mittelhessen.eu\/index.php\/veranstaltungen\/regionalmanagement-trifft-webmontag-giessen\/","name":"Regionalmanagement trifft Webmontag Gie\u00dfen - digital.mittelhessen","isPartOf":{"@id":"https:\/\/digital.mittelhessen.eu\/#website"},"datePublished":"2019-12-09T11:30:47+00:00","dateModified":"2022-10-12T12:36:13+00:00","breadcrumb":{"@id":"https:\/\/digital.mittelhessen.eu\/index.php\/veranstaltungen\/regionalmanagement-trifft-webmontag-giessen\/#breadcrumb"},"inLanguage":"de","potentialAction":[{"@type":"ReadAction","target":["https:\/\/digital.mittelhessen.eu\/index.php\/veranstaltungen\/regionalmanagement-trifft-webmontag-giessen\/"]}]},{"@type":"BreadcrumbList","@id":"https:\/\/digital.mittelhessen.eu\/index.php\/veranstaltungen\/regionalmanagement-trifft-webmontag-giessen\/#breadcrumb","itemListElement":[{"@type":"ListItem","position":1,"name":"Home","item":"https:\/\/digital.mittelhessen.eu\/"},{"@type":"ListItem","position":2,"name":"Regionalmanagement trifft Webmontag Gie\u00dfen"}]},{"@type":"WebSite","@id":"https:\/\/digital.mittelhessen.eu\/#website","url":"https:\/\/digital.mittelhessen.eu\/","name":"digital.mittelhessen","description":"","publisher":{"@id":"https:\/\/digital.mittelhessen.eu\/#organization"},"potentialAction":[{"@type":"SearchAction","target":{"@type":"EntryPoint","urlTemplate":"https:\/\/digital.mittelhessen.eu\/?s={search_term_string}"},"query-input":{"@type":"PropertyValueSpecification","valueRequired":true,"valueName":"search_term_string"}}],"inLanguage":"de"},{"@type":"Organization","@id":"https:\/\/digital.mittelhessen.eu\/#organization","name":"digital.mittelhessen","url":"https:\/\/digital.mittelhessen.eu\/","logo":{"@type":"ImageObject","inLanguage":"de","@id":"https:\/\/digital.mittelhessen.eu\/#\/schema\/logo\/image\/","url":"https:\/\/digital.mittelhessen.eu\/wp-content\/uploads\/2022\/10\/mittelhessen_digital_logo_2c_weiss_1024px.png","contentUrl":"https:\/\/digital.mittelhessen.eu\/wp-content\/uploads\/2022\/10\/mittelhessen_digital_logo_2c_weiss_1024px.png","width":1024,"height":476,"caption":"digital.mittelhessen"},"image":{"@id":"https:\/\/digital.mittelhessen.eu\/#\/schema\/logo\/image\/"}}]}},"_links":{"self":[{"href":"https:\/\/digital.mittelhessen.eu\/index.php\/wp-json\/wp\/v2\/veranstaltungen\/2031","targetHints":{"allow":["GET"]}}],"collection":[{"href":"https:\/\/digital.mittelhessen.eu\/index.php\/wp-json\/wp\/v2\/veranstaltungen"}],"about":[{"href":"https:\/\/digital.mittelhessen.eu\/index.php\/wp-json\/wp\/v2\/types\/veranstaltungen"}],"wp:attachment":[{"href":"https:\/\/digital.mittelhessen.eu\/index.php\/wp-json\/wp\/v2\/media?parent=2031"}],"wp:term":[{"taxonomy":"upcoming","embeddable":true,"href":"https:\/\/digital.mittelhessen.eu\/index.php\/wp-json\/wp\/v2\/upcoming?post=2031"}],"curies":[{"name":"wp","href":"https:\/\/api.w.org\/{rel}","templated":true}]}}

Regionalmanagement trifft Webmontag Gießen

<p>Was kann sich der Mittelstand aus den Innovationen und Geschäftsmodellen der Startup-Welt zu eigen machen und wie können die Innovationen in eigene Produkte &amp; Dienstleistungen eingebracht werden?</p>

<p>Was kann sich der Mittelstand aus den Innovationen und Geschäftsmodellen der Startup-Welt zu eigen machen und wie können die Innovationen in eigene Produkte &#038; Dienstleistungen eingebracht werden? </p>

<!-- This site is optimized with the Yoast SEO plugin v26.0 - https://yoast.com/wordpress/plugins/seo/ -->
<title>Regionalmanagement trifft Webmontag Gießen - digital.mittelhessen</title>
<meta name="robots" content="index, follow, max-snippet:-1, max-image-preview:large, max-video-preview:-1" />
<link rel="canonical" href="https://digital.mittelhessen.eu/index.php/veranstaltungen/regionalmanagement-trifft-webmontag-giessen/" />
<meta property="og:locale" content="de_DE" />
<meta property="og:type" content="article" />
<meta property="og:title" content="Regionalmanagement trifft Webmontag Gießen - digital.mittelhessen" />
<meta property="og:description" content="Was kann sich der Mittelstand aus den Innovationen und Geschäftsmodellen der Startup-Welt zu eigen machen und wie können die Innovationen in eigene Produkte &amp; Dienstleistungen eingebracht werden?" />
<meta property="og:url" content="https://digital.mittelhessen.eu/index.php/veranstaltungen/regionalmanagement-trifft-webmontag-giessen/" />
<meta property="og:site_name" content="digital.mittelhessen" />
<meta property="article:modified_time" content="2022-10-12T12:36:13+00:00" />
<meta name="twitter:card" content="summary_large_image" />
<meta name="twitter:label1" content="Geschätzte Lesezeit" />
	<meta name="twitter:data1" content="1 Minute" />
<script type="application/ld+json" class="yoast-schema-graph">{"@context":"https://schema.org","@graph":[{"@type":"WebPage","@id":"https://digital.mittelhessen.eu/index.php/veranstaltungen/regionalmanagement-trifft-webmontag-giessen/","url":"https://digital.mittelhessen.eu/index.php/veranstaltungen/regionalmanagement-trifft-webmontag-giessen/","name":"Regionalmanagement trifft Webmontag Gießen - digital.mittelhessen","isPartOf":{"@id":"https://digital.mittelhessen.eu/#website"},"datePublished":"2019-12-09T11:30:47+00:00","dateModified":"2022-10-12T12:36:13+00:00","breadcrumb":{"@id":"https://digital.mittelhessen.eu/index.php/veranstaltungen/regionalmanagement-trifft-webmontag-giessen/#breadcrumb"},"inLanguage":"de","potentialAction":[{"@type":"ReadAction","target":["https://digital.mittelhessen.eu/index.php/veranstaltungen/regionalmanagement-trifft-webmontag-giessen/"]}]},{"@type":"BreadcrumbList","@id":"https://digital.mittelhessen.eu/index.php/veranstaltungen/regionalmanagement-trifft-webmontag-giessen/#breadcrumb","itemListElement":[{"@type":"ListItem","position":1,"name":"Home","item":"https://digital.mittelhessen.eu/"},{"@type":"ListItem","position":2,"name":"Regionalmanagement trifft Webmontag Gießen"}]},{"@type":"WebSite","@id":"https://digital.mittelhessen.eu/#website","url":"https://digital.mittelhessen.eu/","name":"digital.mittelhessen","description":"","publisher":{"@id":"https://digital.mittelhessen.eu/#organization"},"potentialAction":[{"@type":"SearchAction","target":{"@type":"EntryPoint","urlTemplate":"https://digital.mittelhessen.eu/?s={search_term_string}"},"query-input":{"@type":"PropertyValueSpecification","valueRequired":true,"valueName":"search_term_string"}}],"inLanguage":"de"},{"@type":"Organization","@id":"https://digital.mittelhessen.eu/#organization","name":"digital.mittelhessen","url":"https://digital.mittelhessen.eu/","logo":{"@type":"ImageObject","inLanguage":"de","@id":"https://digital.mittelhessen.eu/#/schema/logo/image/","url":"https://digital.mittelhessen.eu/wp-content/uploads/2022/10/mittelhessen_digital_logo_2c_weiss_1024px.png","contentUrl":"https://digital.mittelhessen.eu/wp-content/uploads/2022/10/mittelhessen_digital_logo_2c_weiss_1024px.png","width":1024,"height":476,"caption":"digital.mittelhessen"},"image":{"@id":"https://digital.mittelhessen.eu/#/schema/logo/image/"}}]}</script>
<!-- / Yoast SEO plugin. -->

Regionalmanagement trifft Webmontag Gießen - digital.mittelhessen

Was kann sich der Mittelstand aus den Innovationen und Geschäftsmodellen der Startup-Welt zu eigen machen und wie können die Innovationen in eigene Produkte & Dienstleistungen eingebracht werden?
